4*t - 95, -w = -2*a - 2*t + 1. Suppose -1539 = 1606*f - 1615*f. Calculate the greatest common divisor of a and f.
19
Let b be (4/3 - -1) + 1/(-3). Suppose -3*w - b*p - 423 = -1402, -1636 = -5*w + p. Let k = w - 165. What is the greatest common factor of k and 18?
18
Let k = 290 - 191. Suppose 87*n - k*n = -4224. Calculate the highest common divisor of 96 and n.
32
Let m be 2/12 - (161/(-42) + 3). Let h(g) = 349*g**2 + 2. Let l be h(m). What is the highest common factor of 13 and l?
13
Let b be -11 + (3 - 126/(-2)). Let z be ((-112)/10)/((-2)/10). Let h = z - b. What is the highest common divisor of h and 1?
1
Suppose 0 = -61*f - f + 17670. Calculate the highest common divisor of f and 627.
57
Let n = 10 - 6. Suppose 72*c - 78*c = -48. Suppose j - 6*f + 12 = -2*f, 2*f - c = 0. What is the greatest common divisor of n and j?
4
Suppose 17*d = -10*d + 324. Suppose s + 273 = 3*s - k, 2*k = -s + 144. What is the greatest common factor of s and d?
6
Let w = -1765 + 777. Let u = -682 - w. Calculate the greatest common factor of u and 36.
18
Let c(i) = -i**2 - 24*i - 125. Let k be c(-16). Let b(t) = 7*t**3 - 3*t**2 + 16*t - 26. Let y be b(k). What is the highest common factor of 92 and y?
92
Let c = 28 - 49. Let b(z) = -z - 13. Let m be b(c). Let o = -259 + 315. Calculate the highest common factor of m and o.
8
Let h be (-462)/18*(9 + (-1311)/133). Let w = -134 - -316. Let k = 424 - w. What is the greatest common factor of k and h?
22
Let z = 8163 - 8115. Calculate the greatest common factor of 582 and z.
6
Let o = -166 + 326. Suppose 2*m - 4*m = -o. Suppose 3*f = 2*f + m. Calculate the greatest common divisor of 32 and f.
16
Let u(n) = -7*n**2. Let v be u(1). Let a be (5 - (4 + (-12)/(-6)))*30. Let f = v - a. What is the greatest common factor of f and 115?
23
Suppose -14*u - 1568 = -21*u. Calculate the highest common divisor of 42 and u.
14
Suppose 25*f + 1915 - 33087 = 61578. Calculate the greatest common factor of f and 70.
70
Let g be 2088/(-27)*(-15)/4 + 4. Suppose 12*d + 54 + g = 0. Let n = -1 - d. Calculate the greatest common factor of n and 42.
14
Let l be ((-37)/(-4))/((-35)/(-9380)). Calculate the greatest common divisor of 37 and l.
37
Suppose -6*n - 29 - 7 = 0. Let u be ((-44)/8)/(3/n). Suppose 7*m - 585 - 262 = 0. Calculate the greatest common divisor of u and m.
11
Let t = -550 + 555. Suppose d + 17*h - 16*h = 11, -t*h - 25 = -5*d. Calculate the highest common factor of 44 and d.
4
Let t(v) = -v**3 + 68*v**2 - 11*v + 772. Let r be t(68). What is the highest common factor of 8608 and r?
8
Suppose 114*a + 388024 = 401*a. What is the greatest common divisor of a and 468?
52
Let x be (468/(-936))/((-2)/32). Calculate the highest common divisor of 20376 and x.
8
Let t = 6 - 4. Let q be ((-385)/(-220))/((-2)/(-184)). Suppose -q = -4*n + j + 4*j, -76 = -t*n - 2*j. Calculate the highest common divisor of n and 273.
39
Let a(d) = 38*d - 14. Let n be a(11). Let p be (n/(-10))/(5/(-25)). Let s = -83 + p. Calculate the highest common factor of 17 and s.
17
Suppose -104 - 288 = -14*i. Suppose -106 = -6*q - i. Calculate the highest common divisor of q and 52.
13
Let k be 1671*(-6)/18 - -2. Let g = 568 + k. What is the highest common divisor of g and 117?
13
Let o(g) = 9*g + 9. Let q(i) = 8*i + 8. Let p(b) = 4*o(b) - 5*q(b). Let u be p(6). Let s = u + 41. Calculate the highest common factor of 117 and s.
13
Let o = -1911 + 3426. Calculate the highest common divisor of o and 45.
15
Suppose -5*o + 5 = -45. Let n(t) = -t**2 + 12*t + 16. Let l be n(o). Let j be (25 - -2)*(-4)/(-12). Calculate the greatest common divisor of l and j.
9
Let y = -6786 - -7806. Calculate the greatest common divisor of 22780 and y.
340
Let o be (5 - 24)/(8 + (-17)/2). What is the greatest common factor of o and 2299?
19
Suppose -72 = -3*a - 3*a. Let o be 0 + 1 - (-3 - -3). Let s be (3 - o)/((-4)/(-16)). Calculate the highest common divisor of a and s.
4
Suppose 37935 - 8311 = 56*o. Suppose 3*l + 5*q = 293 + 510, -o = -2*l + 3*q. Calculate the highest common divisor of 70 and l.
14
Let x(d) = 16*d**3 - 4*d**2 - 4*d - 5. Let o be x(4). Let u be 4/14 + o/21. Suppose 30*f - 39*f + 81 = 0. Calculate the highest common divisor of u and f.
9
Suppose 0 = -16*s + 21*s - 2*k - 1025, s - 205 = 2*k. Suppose 13*w = 11*w + 82. Calculate the highest common factor of s and w.
41
Let x be (4/(-20) - 3/10)*-954. Calculate the greatest common factor of 901 and x.
53
Suppose 203*l - 271*l = -13328. Calculate the greatest common divisor of l and 749.
7
Suppose -5*r = 6 - 161. Suppose 15 = 49*c - 44*c. Suppose c*b - 6*b + 279 = 0. Calculate the greatest common factor of b and r.
31
Let r = -7648 + 7682. What is the highest common factor of 3808 and r?
34
Let n = 217 + -191. What is the greatest common factor of 923 and n?
13
Let x be (-1 - 24/(-4)) + 8 + -2. Calculate the greatest common factor of x and 5.
1
Let c(g) = 18*g + 47. Let k be c(10). Suppose -13*i - k = -604. Calculate the greatest common factor of 203 and i.
29
Let g = -107 - -107. Suppose g = 10*l - 512 - 48. Let m(i) = -i**3 + 3*i**2 + 2*i + 1. Let k be m(3). Calculate the highest common divisor of l and k.
7
Suppose 415924 + 340412 = 24*a. What is the greatest common factor of 28 and a?
14
Suppose 0 = w - 3*w + 24. Suppose p + 2*j = -2*j + 14, w = 3*p + 2*j. Let a = 29 - 15. What is the highest common factor of p and a?
2
Suppose 3*r + 24 = 2*r. Let i be -15*(6/r + (-19)/4). Calculate the highest common factor of i and 50.
25
Let d(a) = 211*a - 2404. Let y be d(12). What is the greatest common divisor of 2432 and y?
128
Let l be -4 - (16 - -4)/(-5). Suppose l = -4*a + 22 + 2. Suppose -5*u + 4*i + 64 = 0, -a*u = -2*u + 4*i - 80. What is the highest common divisor of u and 8?
8
Let b = -368 + 338. Let k(j) = -7*j - 190. Let g be k(b). Calculate the greatest common divisor of g and 16.
4
Suppose g = -9*g - 60. Let y be ((-62)/g)/(15/270). Suppose -5*u + y = 136. Calculate the greatest common divisor of 6 and u.
2
Suppose -q + 1468 = 4*j - 5*q, 0 = -j - q + 359. Let b(m) = 343*m - 8885. Let n be b(26). What is the highest common divisor of n and j?
33
Let m = -20415 - -20548. Let l = 5 + 2. Calculate the greatest common factor of m and l.
7
Let l be ((-42)/(-12) + -9)*-2. Suppose -4*k = 10 + 6. Let x(c) = 2*c**2 + c + 5. Let a be x(k). Calculate the greatest common divisor of a and l.
11
Let o = -200 - 15. Let v = -205 - o. Calculate the greatest common factor of 25 and v.
5
Let j(m) = 233*m - 9072. Let a be j(41). Calculate the highest common divisor of 2294 and a.
37
Suppose -2*a + 0*l + 24 = 5*l, 5*a - 22 = -3*l. What is the highest common divisor of a and 14?
2
Suppose -5 = 5*x + 3*r, 0 = 5*x - 3*x - 5*r - 29. Let w = -28 - -38. Suppose -4*p = -w - 30. What is the greatest common divisor of x and p?
2
Let v(b) = -3*b - 217 - 9*b + 4*b. Let s be v(-29). Suppose -2*x - 3*x = -150. Calculate the highest common factor of x and s.
15
Suppose 22 = 5*t + 7. Suppose -o - 132 = -t*o + 5*i, 0 = 5*o - 3*i - 292. Calculate the greatest common factor of o and 8.
8
Let l = -205 + 208. Suppose 2*f + l*f = 250. Calculate the highest common divisor of 175 and f.
25
Let f be (-8)/2*121/(-44). Suppose -3*k = -4*k - 2*i + 23, -k - 5*i = -f. Suppose 0 = -0*b + 4*b - 124. What is the highest common divisor of b and k?
31
Let g = 171 + -142. Let u be (-51)/(-4) + 6/(-8). Let y = g - u. Calculate the highest common factor of y and 136.
17
Suppose -22*v = 42*v - 1536. Calculate the highest common divisor of v and 16.
8
Let l = 24052 + -23869. Calculate the highest common factor of l and 2257.
61
Suppose 0 = 5*f - 2*z - 181, -5*z - 12 = 3. Let v be 1/5 + 4228/f. What is the greatest common factor of v and 55?
11
Suppose -7*b = -10072 + 9862. Calculate the highest common divisor of b and 3350.
10
Let t be (-348)/(-22) + 3*(-6)/(-99). Let d(x) = x + 14. Let k be d(t). What is the greatest common divisor of 6 and k?
6
Let d = -2921 + 2959. Calculate the greatest common divisor of 1919 and d.
19
Let n = 15234 - 15211. Suppose -2*m = y - 5*y - 798, -5*m + 1951 = y. What is the greatest common divisor of n and m?
23
Suppose 5383 + 5973 = 19*r - 6884. What is the highest common factor of r and 2208?
96
Let v(z) = 2*z + 2. Let y be v(-3). Let k be (-786)/33 - y/